{"id":15964,"date":"2016-01-22T18:09:53","date_gmt":"2016-01-22T17:09:53","guid":{"rendered":"https:\/\/www.portaldojardim.com\/pdj\/?page_id=15964"},"modified":"2017-12-27T16:37:42","modified_gmt":"2017-12-27T15:37:42","slug":"especial-receitas","status":"publish","type":"page","link":"https:\/\/www.portaldojardim.com\/pdj\/especial-receitas\/","title":{"rendered":"Receitas Weber: Bife com Queijo Cabra"},"content":{"rendered":"<p>Com a Weber tudo \u00e9 poss\u00edvel. Grelhadores a g\u00e1s com alguma dimens\u00e3o n\u00e3o t\u00eam sido t\u00e3o abordados nesta nossa rubrica. Surge agora a oportunidade de falarmos da Gama Summit\u00ae aut\u00eanticas cozinhas de exterior e com 10 anos de garantia.<\/p>\n<p>Mas antes a nossa receita de carne com queijo da cabra, sugest\u00e3o para o jantar de Ver\u00e3o em fam\u00edlia.<\/p>\n<p><a href=\"https:\/\/www.portaldojardim.com\/pdj\/wp-content\/uploads\/abertura-1.jpg\"><img loading=\"lazy\" decoding=\"async\" class=\"aligncenter size-full wp-image-17051\" alt=\"2740001J\" src=\"https:\/\/www.portaldojardim.com\/pdj\/wp-content\/uploads\/abertura-1.jpg\" width=\"620\" height=\"412\" srcset=\"https:\/\/www.portaldojardim.com\/pdj\/wp-content\/uploads\/abertura-1.jpg 620w, https:\/\/www.portaldojardim.com\/pdj\/wp-content\/uploads\/abertura-1-300x199.jpg 300w\" sizes=\"auto, (max-width: 620px) 100vw, 620px\" \/><\/a><\/p>\n<h2>Receita:<\/h2>\n<p><a href=\"https:\/\/www.portaldojardim.com\/pdj\/wp-content\/uploads\/receita-10.jpg\"><img loading=\"lazy\" decoding=\"async\" class=\"aligncenter size-full wp-image-17056\" alt=\"receita 10\" src=\"https:\/\/www.portaldojardim.com\/pdj\/wp-content\/uploads\/receita-10.jpg\" width=\"620\" height=\"367\" srcset=\"https:\/\/www.portaldojardim.com\/pdj\/wp-content\/uploads\/receita-10.jpg 620w, https:\/\/www.portaldojardim.com\/pdj\/wp-content\/uploads\/receita-10-300x177.jpg 300w\" sizes=\"auto, (max-width: 620px) 100vw, 620px\" \/><\/a><\/p>\n<p>Pessoas: 4<\/p>\n<p>N\u00edvel de dificuldade: f\u00e1cil<\/p>\n<p>Tempo de prepara\u00e7\u00e3o: 15 minutos<\/p>\n<p>Prepara\u00e7\u00e3o adicional:<\/p>\n<p>tempo de cozedura &#8211; 6-7 minutos<\/p>\n<p>temperatura do grelhador &#8211; 225\u00b0c<\/p>\n<p>m\u00e9todo de cozedura &#8211; direto<\/p>\n<p>temperatura interna &#8211; 58\u00b0c<\/p>\n<h3>Ingredientes:<\/h3>\n<p>\u2022 4 bifes ou costeletas, de 200 g cada \u2013 devem ter aproximadamente 2 cm de espessura<\/p>\n<p>\u2022 Sal<\/p>\n<p>\u2022 Pimenta<\/p>\n<p>\u2022 400 g de tomates-cereja<\/p>\n<p>\u2022 \u00d3leo<\/p>\n<p>\u2022 12 ramos de tomilho<\/p>\n<p>\u2022 4 rodelas de queijo de cabra<\/p>\n<h3>Prepara\u00e7\u00e3o:<\/h3>\n<p><strong>Passo a Passo na cozinha:<\/strong><\/p>\n<p>1. Tempere os bifes dos dois lados com sal e pimenta.<\/p>\n<p>2. Laves os tomates-cereja, deite um fio de \u00f3leo por cima e tempere com sal e pimenta.<\/p>\n<p>3. Limpe o tomilho e arranque as folhas. Pique ligeiramente as folhas.<\/p>\n<p><strong>No Grelhador:<\/strong><\/p>\n<p>1. Prepare o grelhador para aquecimento direto, aproximadamente a 225 \u00baC. Se utilizar um grelhador a carv\u00e3o, ter\u00e1 de encher o acendedor de fogo at\u00e9 meio com acendalhas.<\/p>\n<p>2. Grelhe os bifes com aquecimento direto. Volte passados 3 minutos e coloque uma rodela de queijo de cabra em cima de cada bife. Depois, polvilhe com tomilho e cozinhe durante outros 3 minutos. Os bifes estar\u00e3o prontos quando a temperatura interna atingir os 58 \u00baC (meio-termo).<\/p>\n<p>3. Um minuto antes de tirar os bifes do grelhador, coloque os tomates-cereja na grelha. Cozinhe durante uns minutos at\u00e9 ficarem quentes.<\/p>\n<p>4. Retire os bifes e os tomates da grelha, e deixe a carne repousar durante, aproximadamente, 5 minutos antes de servir.<\/p>\n<p><strong>Conselho adicional:<\/strong><\/p>\n<p>Acompanhe os bifes com uma deliciosa salada de batata.<\/p>\n<p><a href=\"https:\/\/www.portaldojardim.com\/pdj\/wp-content\/uploads\/abertura-22.jpg\"><img loading=\"lazy\" decoding=\"async\" class=\"aligncenter size-full wp-image-17052\" alt=\"abertura 2\" src=\"https:\/\/www.portaldojardim.com\/pdj\/wp-content\/uploads\/abertura-22.jpg\" width=\"620\" height=\"412\" srcset=\"https:\/\/www.portaldojardim.com\/pdj\/wp-content\/uploads\/abertura-22.jpg 620w, https:\/\/www.portaldojardim.com\/pdj\/wp-content\/uploads\/abertura-22-300x199.jpg 300w\" sizes=\"auto, (max-width: 620px) 100vw, 620px\" \/><\/a><\/p>\n<h2>Equipamento:<\/h2>\n<p><a href=\"https:\/\/www.portaldojardim.com\/pdj\/wp-content\/uploads\/Summit-S-470-GBS.jpg\"><img loading=\"lazy\" decoding=\"async\" class=\"aligncenter size-full wp-image-17057\" alt=\"7170004A11\" src=\"https:\/\/www.portaldojardim.com\/pdj\/wp-content\/uploads\/Summit-S-470-GBS.jpg\" width=\"620\" height=\"509\" srcset=\"https:\/\/www.portaldojardim.com\/pdj\/wp-content\/uploads\/Summit-S-470-GBS.jpg 620w, https:\/\/www.portaldojardim.com\/pdj\/wp-content\/uploads\/Summit-S-470-GBS-300x246.jpg 300w\" sizes=\"auto, (max-width: 620px) 100vw, 620px\" \/><\/a><\/p>\n<p><strong>Grelhador a G\u00e1s SUMMIT\u00ae S-470 GBS<\/strong><\/p>\n<p>Com quatro queimadores, grelha com 69 cm x 49 cm. A tampa em a\u00e7o esmaltado com term\u00f3metro montado no centro; Queimador de churrasqueira por infravermelhos Tuck-Away; Queimador lateral com tampa protetora, quatro queimadores em a\u00e7o inoxid\u00e1vel com igni\u00e7\u00e3o Snap Jet; Luz na pega Grill-Out; queimador da caixa de fumagem e grelha de confe\u00e7\u00e3o em a\u00e7o inoxid\u00e1vel. Em duas vers\u00f5es &#8211; Modelo em esmalte Black e modelo em a\u00e7o inoxid\u00e1vel (na foto).<\/p>\n<h2>Acess\u00f3rios:<\/h2>\n<p><a href=\"https:\/\/www.portaldojardim.com\/pdj\/wp-content\/uploads\/cesta-de-verduras.jpg\"><img loading=\"lazy\" decoding=\"async\" class=\"aligncenter size-full wp-image-17054\" alt=\"cesta de verduras\" src=\"https:\/\/www.portaldojardim.com\/pdj\/wp-content\/uploads\/cesta-de-verduras.jpg\" width=\"620\" height=\"412\" srcset=\"https:\/\/www.portaldojardim.com\/pdj\/wp-content\/uploads\/cesta-de-verduras.jpg 620w, https:\/\/www.portaldojardim.com\/pdj\/wp-content\/uploads\/cesta-de-verduras-300x199.jpg 300w\" sizes=\"auto, (max-width: 620px) 100vw, 620px\" \/><\/a><\/p>\n<p><strong>Cesta de verduras Weber Style<\/strong> para cozinhar e saltear os vegetais. Em a\u00e7o inoxid\u00e1vel pode ser lavada na m\u00e1quina de lavar loi\u00e7a;<\/p>\n<p><a href=\"https:\/\/www.portaldojardim.com\/pdj\/wp-content\/uploads\/acess\u00f3rio-2-Pedra-rectagular-para-piza.jpg\"><img loading=\"lazy\" decoding=\"async\" class=\"aligncenter size-full wp-image-17053\" alt=\"acess\u00f3rio 2 Pedra rectagular para piza\" src=\"https:\/\/www.portaldojardim.com\/pdj\/wp-content\/uploads\/acess\u00f3rio-2-Pedra-rectagular-para-piza.jpg\" width=\"620\" height=\"232\" srcset=\"https:\/\/www.portaldojardim.com\/pdj\/wp-content\/uploads\/acess\u00f3rio-2-Pedra-rectagular-para-piza.jpg 620w, https:\/\/www.portaldojardim.com\/pdj\/wp-content\/uploads\/acess\u00f3rio-2-Pedra-rectagular-para-piza-300x112.jpg 300w\" sizes=\"auto, (max-width: 620px) 100vw, 620px\" \/><\/a><\/p>\n<p><strong>Pedra retangular<\/strong> para pizza com revestimento cer\u00e2mico;<\/p>\n<p><a href=\"https:\/\/www.portaldojardim.com\/pdj\/wp-content\/uploads\/6491_C_PressSection_cmyk_6491B13.jpg\"><img loading=\"lazy\" decoding=\"async\" class=\"aligncenter size-full wp-image-17050\" alt=\"6491B13\" src=\"https:\/\/www.portaldojardim.com\/pdj\/wp-content\/uploads\/6491_C_PressSection_cmyk_6491B13.jpg\" width=\"620\" height=\"437\" srcset=\"https:\/\/www.portaldojardim.com\/pdj\/wp-content\/uploads\/6491_C_PressSection_cmyk_6491B13.jpg 620w, https:\/\/www.portaldojardim.com\/pdj\/wp-content\/uploads\/6491_C_PressSection_cmyk_6491B13-300x211.jpg 300w\" sizes=\"auto, (max-width: 620px) 100vw, 620px\" \/><\/a><\/p>\n<p><strong>Term\u00f3metro digital de bolso<\/strong> permite controlar a temperatura bem no centro da carne e outros alimentos.<\/p>\n<p>Saiba mais sobre o equipamento <a href=\"https:\/\/www.weberstephen.pt\/as-nossas-gamas\/grelhadores-a-gas\/summit-z8bj.aspx\" target=\"_blank\">AQUI!<\/a><\/p>\n<h2>Mais receitas:<\/h2>\n<p><a href=\"https:\/\/www.portaldojardim.com\/pdj\/2016\/02\/11\/receitas-especiais-weber-alcachofras-na-brasa-com-ovo-de-codorniz-e-gamba\/\" target=\"_blank\">Receitas Especiais Weber: Alcachofras na brasa com ovo de codorniz e gamba<\/a><\/p>\n<p><a href=\"https:\/\/www.portaldojardim.com\/pdj\/2016\/02\/29\/receitas-especiais-weber-carre-de-cordeiro-com-pure-de-batata-doce-e-cebola-com-especiarias\/\" target=\"_blank\">Receitas Especiais Weber: Carr\u00e9 de cordeiro com pur\u00e9 de batata-doce e cebola com especiarias<\/a><\/p>\n<p><a href=\"https:\/\/www.portaldojardim.com\/pdj\/2016\/03\/15\/receitas-especiais-weber-pluma-de-porco-preto-marinado-com-caldo-de-porco-pimenta-de-cayenne-e-couve-chinesa\/\" target=\"_blank\">Receitas Especiais Weber: Pluma de porco preto marinado com caldo de porco, pimenta de cayenne e couve chinesa<\/a><\/p>\n<p><a href=\"https:\/\/www.portaldojardim.com\/pdj\/2016\/04\/03\/receitas-especiais-weber-molho-barbecue-caseiro\/\" target=\"_blank\">Receitas Especiais Weber: Molho Barbecue Caseiro<\/a><\/p>\n<p><a href=\"https:\/\/www.portaldojardim.com\/pdj\/2016\/04\/19\/cavala-e-chicharro-sunomono-fumados-em-cerejeira-japonesa\/\" target=\"_blank\">Receitas Especiais Weber: Cavala e Chicharro, Sunomono fumados em cerejeira japonesa<\/a><\/p>\n<p><a href=\"https:\/\/www.portaldojardim.com\/pdj\/2016\/05\/06\/truta-com-cenouras-espargos-e-limao\/\" target=\"_blank\">Receitas Especiais\u00a0Weber:\u00a0Truta com cenouras, espargos e lim\u00e3o<\/a><\/p>\n<p><a href=\"https:\/\/www.portaldojardim.com\/pdj\/2016\/05\/20\/receitas-especiais-weber-omolete-de-queijo-ervas-e-bacon\/\" target=\"_blank\">Receitas Especiais\u00a0Weber:\u00a0Omolete de Queijo, Ervas e Bacon<\/a><\/p>\n<p><a href=\"https:\/\/www.portaldojardim.com\/pdj\/2016\/06\/07\/espetadas-de-frango-com-legumes-e-coentros-frescos\/\" target=\"_blank\">Receitas Especiais\u00a0Weber:\u00a0Espetadas de Frango com legumes e coentros frescos<\/a><\/p>\n<p><a href=\"https:\/\/www.portaldojardim.com\/pdj\/2016\/06\/24\/receitas-especiais-weber-salmao-grelhado-com-mel-acompanhado-com-salada-de-ervas\/\" target=\"_blank\">Receitas Especiais\u00a0Weber:\u00a0Salm\u00e3o Grelhado com mel acompanhado com salada de ervas<\/a><\/p>\n<p class=\"Standard\"><img loading=\"lazy\" decoding=\"async\" class=\"alignleft size-full wp-image-16062\" alt=\"patrocinado-por-weber\" src=\"https:\/\/www.portaldojardim.com\/pdj\/wp-content\/uploads\/patrocinado-por-weber2.png\" width=\"600\" height=\"90\" srcset=\"https:\/\/www.portaldojardim.com\/pdj\/wp-content\/uploads\/patrocinado-por-weber2.png 600w, https:\/\/www.portaldojardim.com\/pdj\/wp-content\/uploads\/patrocinado-por-weber2-300x45.png 300w\" sizes=\"auto, (max-width: 600px) 100vw, 600px\" \/><\/p>\n<p>&nbsp;<\/p>\n","protected":false},"excerpt":{"rendered":"<p>Com a Weber tudo \u00e9 poss\u00edvel. Grelhadores a g\u00e1s com alguma dimens\u00e3o n\u00e3o t\u00eam sido t\u00e3o abordados nesta nossa rubrica. Surge agora a oportunidade de falarmos da Gama Summit\u00ae aut\u00eanticas cozinhas de exterior e com 10 anos de garantia. Mas antes a nossa receita de carne com queijo da cabra, sugest\u00e3o para o jantar de [&hellip;]<\/p>\n","protected":false},"author":1872,"featured_media":0,"parent":0,"menu_order":0,"comment_status":"open","ping_status":"closed","template":"","meta":{"footnotes":""},"class_list":["post-15964","page","type-page","status-publish","hentry"],"_links":{"self":[{"href":"https:\/\/www.portaldojardim.com\/pdj\/wp-json\/wp\/v2\/pages\/15964","targetHints":{"allow":["GET"]}}],"collection":[{"href":"https:\/\/www.portaldojardim.com\/pdj\/wp-json\/wp\/v2\/pages"}],"about":[{"href":"https:\/\/www.portaldojardim.com\/pdj\/wp-json\/wp\/v2\/types\/page"}],"author":[{"embeddable":true,"href":"https:\/\/www.portaldojardim.com\/pdj\/wp-json\/wp\/v2\/users\/1872"}],"replies":[{"embeddable":true,"href":"https:\/\/www.portaldojardim.com\/pdj\/wp-json\/wp\/v2\/comments?post=15964"}],"version-history":[{"count":44,"href":"https:\/\/www.portaldojardim.com\/pdj\/wp-json\/wp\/v2\/pages\/15964\/revisions"}],"predecessor-version":[{"id":19027,"href":"https:\/\/www.portaldojardim.com\/pdj\/wp-json\/wp\/v2\/pages\/15964\/revisions\/19027"}],"wp:attachment":[{"href":"https:\/\/www.portaldojardim.com\/pdj\/wp-json\/wp\/v2\/media?parent=15964"}],"curies":[{"name":"wp","href":"https:\/\/api.w.org\/{rel}","templated":true}]}}